{"id":575,"date":"2024-07-03T13:33:11","date_gmt":"2024-07-03T11:33:11","guid":{"rendered":"https:\/\/arsarp.it\/fruttetocampochiaro\/?post_type=product&#038;p=575"},"modified":"2024-11-11T11:30:27","modified_gmt":"2024-11-11T10:30:27","slug":"annurca-del-molise","status":"publish","type":"product","link":"https:\/\/arsarp.it\/fruttetocampochiaro\/frutteto\/meli\/annurca-del-molise\/","title":{"rendered":"Annurca del Molise"},"content":{"rendered":"<p>Secondo Tanno (2014) la cultivar &#8220;<em>Annurca del Molise<\/em>&#8221; \u00e8 originaria della Campania e pu\u00f2 essere assimilata all&#8217;<em>Annurca<\/em> (chiamata anche <em>Mala<\/em> <em>Orcola <\/em>da Plinio il Vecchio) descritta nel Pomarium di G.B. Della Porta.<br \/>\nL&#8217;<em>Annurca<\/em>, secondo alcuni storici, \u00e8 di origine dell&#8217;agro di Pozzuoli. In Campania sono stati riscontrati diversi cloni dei questa variet\u00e0 originaria, conosciuti con i nomi di: <em>Annurca rossa del Sud, Annurca bella del Sud, Annurca sangue di bue<\/em> (Fideghelli, 2016).<br \/>\nQuesta cultivar era presente in Molise dal periodo Medievale ed era coltivata nei giardini e negli orti dei conventi e dei feudatari del tempo. Era diffusa prevalentemente in provincia di Isernia e in gran parte della provincia di Campobasso.<br \/>\nQuello che chiamiamo frutto (pomo) nella realt\u00e0 \u00e8 un falso frutto, perch\u00e8 non si tratta di una trasformazione del solo ovario (come avviene nei frutti veri) ma anche di altre parti del fiore saldate assieme (ricettacolo, altre parti).<\/p>\n","protected":false},"excerpt":{"rendered":"<p><strong>Tanno M.<\/strong> (Arca Sannita). Frutti antichi del Molise. Pero, melo cotogno e sorbo. Sapori e valori da riscoprire. Palladino editore, 2014, pag. 101-104, 201.<br \/>\n<strong>Fideghelli C.<\/strong> Atlante dei fruttiferi autoctoni italiani. Crea\u2014Centro di frutticoltura: Roma, Italy, 2016, Vol.III, pag. 1060.<\/p>\n","protected":false},"featured_media":955,"comment_status":"open","ping_status":"closed","template":"","meta":{"_acf_changed":false},"product_brand":[],"product_cat":[19],"product_tag":[],"class_list":{"0":"post-575","1":"product","2":"type-product","3":"status-publish","4":"has-post-thumbnail","6":"product_cat-meli","8":"first","9":"instock","10":"shipping-taxable","11":"product-type-simple"},"acf":[],"_links":{"self":[{"href":"https:\/\/arsarp.it\/fruttetocampochiaro\/wp-json\/wp\/v2\/product\/575","targetHints":{"allow":["GET"]}}],"collection":[{"href":"https:\/\/arsarp.it\/fruttetocampochiaro\/wp-json\/wp\/v2\/product"}],"about":[{"href":"https:\/\/arsarp.it\/fruttetocampochiaro\/wp-json\/wp\/v2\/types\/product"}],"replies":[{"embeddable":true,"href":"https:\/\/arsarp.it\/fruttetocampochiaro\/wp-json\/wp\/v2\/comments?post=575"}],"wp:featuredmedia":[{"embeddable":true,"href":"https:\/\/arsarp.it\/fruttetocampochiaro\/wp-json\/wp\/v2\/media\/955"}],"wp:attachment":[{"href":"https:\/\/arsarp.it\/fruttetocampochiaro\/wp-json\/wp\/v2\/media?parent=575"}],"wp:term":[{"taxonomy":"product_brand","embeddable":true,"href":"https:\/\/arsarp.it\/fruttetocampochiaro\/wp-json\/wp\/v2\/product_brand?post=575"},{"taxonomy":"product_cat","embeddable":true,"href":"https:\/\/arsarp.it\/fruttetocampochiaro\/wp-json\/wp\/v2\/product_cat?post=575"},{"taxonomy":"product_tag","embeddable":true,"href":"https:\/\/arsarp.it\/fruttetocampochiaro\/wp-json\/wp\/v2\/product_tag?post=575"}],"curies":[{"name":"wp","href":"https:\/\/api.w.org\/{rel}","templated":true}]}}