{"id":1598,"date":"2024-07-18T11:11:15","date_gmt":"2024-07-18T09:11:15","guid":{"rendered":"https:\/\/arsarp.it\/fruttetocampochiaro\/?page_id=1598"},"modified":"2024-07-18T17:01:06","modified_gmt":"2024-07-18T15:01:06","slug":"glossario","status":"publish","type":"page","link":"https:\/\/arsarp.it\/fruttetocampochiaro\/glossario\/","title":{"rendered":"Glossario"},"content":{"rendered":"\t\t<div data-elementor-type=\"wp-page\" data-elementor-id=\"1598\" class=\"elementor elementor-1598\" wpc-filter-elementor-widget=\"1\" data-elementor-post-type=\"page\">\n\t\t\t\t<div class=\"elementor-element elementor-element-7936d73c e-flex e-con-boxed e-con e-parent\" data-id=\"7936d73c\" data-element_type=\"container\" data-e-type=\"container\">\n\t\t\t\t\t<div class=\"e-con-inner\">\n\t\t\t\t<div class=\"elementor-element elementor-element-29e5fc0f elementor-widget__width-inherit elementor-widget elementor-widget-heading\" data-id=\"29e5fc0f\" data-element_type=\"widget\" data-e-type=\"widget\" data-widget_type=\"heading.default\">\n\t\t\t\t<div class=\"elementor-widget-container\">\n\t\t\t\t\t<h1 class=\"elementor-heading-title elementor-size-default\">GLOSSARIO<\/h1>\t\t\t\t<\/div>\n\t\t\t\t<\/div>\n\t\t<div class=\"elementor-element elementor-element-5be444b4 e-con-full e-flex e-con e-child\" data-id=\"5be444b4\" data-element_type=\"container\" data-e-type=\"container\">\n\t\t\t\t<div class=\"elementor-element elementor-element-bceb0bd elementor-toc--minimized-on-tablet elementor-widget elementor-widget-table-of-contents\" data-id=\"bceb0bd\" data-element_type=\"widget\" data-e-type=\"widget\" data-settings=\"{&quot;headings_by_tags&quot;:[&quot;h3&quot;],&quot;exclude_headings_by_selector&quot;:[],&quot;marker_view&quot;:&quot;bullets&quot;,&quot;icon&quot;:{&quot;value&quot;:&quot;fas fa-circle&quot;,&quot;library&quot;:&quot;fa-solid&quot;,&quot;rendered_tag&quot;:&quot;&lt;svg class=\\&quot;e-font-icon-svg e-fas-circle\\&quot; viewBox=\\&quot;0 0 512 512\\&quot; xmlns=\\&quot;http:\\\/\\\/www.w3.org\\\/2000\\\/svg\\&quot;&gt;&lt;path d=\\&quot;M256 8C119 8 8 119 8 256s111 248 248 248 248-111 248-248S393 8 256 8z\\&quot;&gt;&lt;\\\/path&gt;&lt;\\\/svg&gt;&quot;},&quot;minimize_box&quot;:&quot;yes&quot;,&quot;minimized_on&quot;:&quot;tablet&quot;,&quot;hierarchical_view&quot;:&quot;yes&quot;,&quot;min_height&quot;:{&quot;unit&quot;:&quot;px&quot;,&quot;size&quot;:&quot;&quot;,&quot;sizes&quot;:[]},&quot;min_height_laptop&quot;:{&quot;unit&quot;:&quot;px&quot;,&quot;size&quot;:&quot;&quot;,&quot;sizes&quot;:[]},&quot;min_height_tablet&quot;:{&quot;unit&quot;:&quot;px&quot;,&quot;size&quot;:&quot;&quot;,&quot;sizes&quot;:[]},&quot;min_height_mobile&quot;:{&quot;unit&quot;:&quot;px&quot;,&quot;size&quot;:&quot;&quot;,&quot;sizes&quot;:[]}}\" data-widget_type=\"table-of-contents.default\">\n\t\t\t\t<div class=\"elementor-widget-container\">\n\t\t\t\t\t\t\t<div class=\"elementor-toc__header\">\n\t\t\t<h4 class=\"elementor-toc__header-title\">\n\t\t\t\tIndice\t\t\t<\/h4>\n\t\t\t\t\t\t\t<div class=\"elementor-toc__toggle-button elementor-toc__toggle-button--expand\" role=\"button\" tabindex=\"0\" aria-controls=\"elementor-toc__bceb0bd\" aria-expanded=\"true\" aria-label=\"Open table of contents\"><svg aria-hidden=\"true\" class=\"e-font-icon-svg e-fas-chevron-down\" viewBox=\"0 0 448 512\" xmlns=\"http:\/\/www.w3.org\/2000\/svg\"><path d=\"M207.029 381.476L12.686 187.132c-9.373-9.373-9.373-24.569 0-33.941l22.667-22.667c9.357-9.357 24.522-9.375 33.901-.04L224 284.505l154.745-154.021c9.379-9.335 24.544-9.317 33.901.04l22.667 22.667c9.373 9.373 9.373 24.569 0 33.941L240.971 381.476c-9.373 9.372-24.569 9.372-33.942 0z\"><\/path><\/svg><\/div>\n\t\t\t\t<div class=\"elementor-toc__toggle-button elementor-toc__toggle-button--collapse\" role=\"button\" tabindex=\"0\" aria-controls=\"elementor-toc__bceb0bd\" aria-expanded=\"true\" aria-label=\"Close table of contents\"><svg aria-hidden=\"true\" class=\"e-font-icon-svg e-fas-chevron-up\" viewBox=\"0 0 448 512\" xmlns=\"http:\/\/www.w3.org\/2000\/svg\"><path d=\"M240.971 130.524l194.343 194.343c9.373 9.373 9.373 24.569 0 33.941l-22.667 22.667c-9.357 9.357-24.522 9.375-33.901.04L224 227.495 69.255 381.516c-9.379 9.335-24.544 9.317-33.901-.04l-22.667-22.667c-9.373-9.373-9.373-24.569 0-33.941L207.03 130.525c9.372-9.373 24.568-9.373 33.941-.001z\"><\/path><\/svg><\/div>\n\t\t\t\t\t<\/div>\n\t\t<div id=\"elementor-toc__bceb0bd\" class=\"elementor-toc__body\">\n\t\t\t<div class=\"elementor-toc__spinner-container\">\n\t\t\t\t<svg class=\"elementor-toc__spinner eicon-animation-spin e-font-icon-svg e-eicon-loading\" aria-hidden=\"true\" viewBox=\"0 0 1000 1000\" xmlns=\"http:\/\/www.w3.org\/2000\/svg\"><path d=\"M500 975V858C696 858 858 696 858 500S696 142 500 142 142 304 142 500H25C25 237 238 25 500 25S975 237 975 500 763 975 500 975Z\"><\/path><\/svg>\t\t\t<\/div>\n\t\t<\/div>\n\t\t\t\t\t\t<\/div>\n\t\t\t\t<\/div>\n\t\t\t\t<\/div>\n\t\t<div class=\"elementor-element elementor-element-4981024b e-con-full e-flex e-con e-child\" data-id=\"4981024b\" data-element_type=\"container\" data-e-type=\"container\">\n\t\t\t\t<div class=\"elementor-element elementor-element-12192675 elementor-widget elementor-widget-text-editor\" data-id=\"12192675\" data-element_type=\"widget\" data-e-type=\"widget\" data-widget_type=\"text-editor.default\">\n\t\t\t\t<div class=\"elementor-widget-container\">\n\t\t\t\t\t\t\t\t\t<h3>Antesi<\/h3><p>Fioritura: lo stato della pianta con i fiori aperti<\/p><h3>Bislungo<\/h3><p>Organo pi\u00f9 lungo che largo, anche sinonimo di oblungo.<\/p><h3>Calice<\/h3><p>Insieme di sepali, involucro esterno del perianzio con funzione protettiva degli organi interni del fiore. Solitamente di colore verde, assume talvolta colorazioni vistose quando svolge la funzione della corolla se questa \u00e8 assente o \u00e8 ridotta.<\/p><h3>Caulinari<\/h3><p>Foglie distribuite lungo il caule (o fusto) della pianta.<\/p><h3>Cavit\u00e0 calicina<\/h3><p>Zona in cui il frutto tende a rientrare verso l&#8217;interno.<\/p><h3>Coriaceo<\/h3><p>Aspetto e consistenza simile al cuoio.<\/p><h3>Corolla<\/h3><p>Insieme dei petali, involucro interno del perianzio con funzione protettiva degli organi interni del fiore. Variamente colorata, assente o ridotta.<\/p><h3>Corimbo<\/h3><p>Infiorescenza che, pur avendo peduncoli fiorali di diverse lunghezze, ha i fiori posti tutti sullo stesso livello.<\/p><h3>Costato o Costoluto<\/h3><p>Provvisto di sporgenze e costole<\/p><h3>Crenato<\/h3><p>Margine di una foglia che ha denti smerlati, arrotondati e poco marcati.<\/p><h3>Dardo<\/h3><p>Piccolo ramo che, se destinato a portare una gemma a legno, \u00e8 chiamato dardo vegetativo; se, invece, porta una serie gemme a fiore insieme con quella centrale a legno \u00e8 chiamato dardo fiorifero.<\/p><h3>Doliforme<\/h3><p>Frutto a forma di botte, come nel caso di alcune pere (ad esempio la Pera banana).<\/p><h3>Ellittica<\/h3><p>Forma della foglia che ha un perimetro simile a una ellisse e cio\u00e8 pi\u00f9 lungo che largo e normalmente ristretto e rotondato alle due estremit\u00e0. La larghezza massima si trova verso la met\u00e0 della foglia e le due semilamine apicale e basale, assottigliate, sono quasi sovrapponibili.<\/p><h3>Gemma<\/h3><p>Germoglio in via di sviluppo. Le gemme si differenziano in base alla posizione, alla morfologia, all&#8217;epoca in cui si sviluppano (g. apicali, ascellari, nude, fogliari, latenti ecc.)<\/p><h3>Germoglio<\/h3><p>Asse o organo laminare vegetale che deriva dal primo sviluppo della gemma (anche il prodotto della germinazione del seme).<\/p><h3>Glabra<\/h3><p>Struttura vegetale (foglia, calice, frutto ecc.) liscia ovvero priva di peli, papille, rughe.<\/p><h3>Glauca<\/h3><p>Di colore verde-azzurro grigiastro, spesso dovuto alla presenza di una patina cerosa sulla superficie di alcuni organi vegetali.<\/p><h3>Globoso<\/h3><p>Di forma sferica<\/p><h3>Grappolo<\/h3><p>Infiorescenza, detta anche Racemo, formata da fiori portati da pedicelli della stessa lunghezza, che sorgono lungo l&#8217;asse principale non ramificato all&#8217;ascella di ciascuna brattea e a intervalli regolari.<\/p><h3>Innesto<\/h3><p>L&#8217;innesto \u00e8 il sistema di propagazione agamica pi\u00f9 largamente utilizzato in frutticoltura.<\/p><h3>Imparipennata<\/h3><p>Foglia composta costituita da una o pi\u00f9 paia di foglioline disposte a coppia ai lati della nervatura centrale e terminante all\u2019apice con una fogliolina (quindi foglioline complessivamente in numero dispari).<\/p><h3>Lamburda<\/h3><p>Piccolo ramo (3-8 cm) derivante da un dardo, terminante con una gemma a frutto.<\/p><h3>Lamina<\/h3><p>Porzione laminare, piatta, espansa di una foglia.<\/p><h3>Lanceolata<\/h3><p>Forma della foglia allungata simile al profilo di una lancia, con la parte pi\u00f9 stretta in alto, tre volte pi\u00f9 lunga che larga.<\/p><h3>Lenticella<\/h3><p>Piccola sporgenza spugnosa circolare, ovale o allungata, con una apertura lenticolare (poro corticale) nel tessuto suberoso della radice, del caule, dei rami e anche dei frutti che permette gli scambi gassosi.<\/p><h3>Maliforme<\/h3><p>Frutto con la forma e l&#8217;aspetto simile a quello della mela.<\/p><h3>Pubescente<\/h3><p>Ricoperto di peli morbidi al tatto, corti, fini.<\/p><h3>Pedicello<\/h3><p>Ultimo peduncolo che sostiene il fiore nell&#8217;infiorescenza.<\/p><h3>Peduncolo<\/h3><p>Porzione di un ramo, sottile, di natura caulinare, che nella pianta sostiene il fiore, il frutto, l\u2019intera infiorescenza, o l&#8217;infruttescenza.<\/p><h3>Perianzio<\/h3><p>Parte sterile del fiore costituita da calice e corolla.<\/p><h3>Petalo<\/h3><p>Elemento del perianzio che forma la corolla, spesso colorato e profumato. Nella parte interna rispetto ai sepali, generalmente sono la parte pi\u00f9 appariscente del fiore e hanno un ruolo importante perch\u00e9 attirano gli animali impollinatori.<\/p><h3>Picciolo<\/h3><p>Parte sottile e cilindrica della foglia che unisce il lembo o lamina al fusto; le foglie prive del picciolo sono dette sessili.<\/p><h3>Piriforme<\/h3><p>Frutto a forma di pera.<\/p><h3>Pruina<\/h3><p>Pulviscolo o sostanza cerosa, facilmente asportabile, con funzione protettiva, presente in alcuni frutti e foglie.<\/p><h3>Rugginosit\u00e0<\/h3><p>Alterazioni della buccia dei frutti con presenza di strutture abrase di color marrone-grigio. Spesso si trovano concentrate a livello della cavit\u00e0 calicina o peduncolare, ma possono interessare l\u2019intero frutto.<\/p><h3>Sepalo<\/h3><p>Elemento del perianzio che forma il calice. Generalmente di colore verde, i sepali sono posti nella parte pi\u00f9 esterna del fiore e lo racchiudono e proteggono prima che sbocci.<\/p><h3>Sessile<\/h3><p>Organo privo sostegno come ad esempio una foglia priva di picciolo, o una antera priva di filamento o un fiore privo del peduncolo ecc.<\/p><h3>Tomentosa<\/h3><p>Superficie completamente ricoperta da una morbida, esile, corta e fitta peluria, che maschera il colore sottostante.<\/p><h3>Turbinato<\/h3><p>A forma di cono rovesciato o di trottola.<\/p><h3>Untuosa<\/h3><p>Superficie che al tatto sembra unta.<\/p><p>\u00a0<\/p>\t\t\t\t\t\t\t\t<\/div>\n\t\t\t\t<\/div>\n\t\t\t\t<\/div>\n\t\t\t\t\t<\/div>\n\t\t\t\t<\/div>\n\t\t\t\t<\/div>\n\t\t","protected":false},"excerpt":{"rendered":"<p>GLOSSARIO Indice Antesi Fioritura: lo stato della pianta con i fiori aperti Bislungo Organo pi\u00f9 lungo che largo, anche sinonimo di oblungo. Calice Insieme di sepali, involucro esterno del perianzio con funzione protettiva degli organi interni del fiore. Solitamente di colore verde, assume talvolta colorazioni vistose quando svolge la funzione della corolla se questa \u00e8 [&hellip;]<\/p>\n","protected":false},"author":1,"featured_media":0,"parent":0,"menu_order":0,"comment_status":"closed","ping_status":"closed","template":"","meta":{"_acf_changed":false,"footnotes":""},"class_list":["post-1598","page","type-page","status-publish","hentry"],"acf":[],"_links":{"self":[{"href":"https:\/\/arsarp.it\/fruttetocampochiaro\/wp-json\/wp\/v2\/pages\/1598","targetHints":{"allow":["GET"]}}],"collection":[{"href":"https:\/\/arsarp.it\/fruttetocampochiaro\/wp-json\/wp\/v2\/pages"}],"about":[{"href":"https:\/\/arsarp.it\/fruttetocampochiaro\/wp-json\/wp\/v2\/types\/page"}],"author":[{"embeddable":true,"href":"https:\/\/arsarp.it\/fruttetocampochiaro\/wp-json\/wp\/v2\/users\/1"}],"replies":[{"embeddable":true,"href":"https:\/\/arsarp.it\/fruttetocampochiaro\/wp-json\/wp\/v2\/comments?post=1598"}],"version-history":[{"count":19,"href":"https:\/\/arsarp.it\/fruttetocampochiaro\/wp-json\/wp\/v2\/pages\/1598\/revisions"}],"predecessor-version":[{"id":1666,"href":"https:\/\/arsarp.it\/fruttetocampochiaro\/wp-json\/wp\/v2\/pages\/1598\/revisions\/1666"}],"wp:attachment":[{"href":"https:\/\/arsarp.it\/fruttetocampochiaro\/wp-json\/wp\/v2\/media?parent=1598"}],"curies":[{"name":"wp","href":"https:\/\/api.w.org\/{rel}","templated":true}]}}