{"id":228,"date":"2025-05-14T09:55:28","date_gmt":"2025-05-14T09:55:28","guid":{"rendered":"https:\/\/arsarp.it\/biodiversita\/?page_id=228"},"modified":"2025-05-20T10:29:14","modified_gmt":"2025-05-20T10:29:14","slug":"pomodoro","status":"publish","type":"page","link":"https:\/\/arsarp.it\/biodiversita\/pomodoro\/","title":{"rendered":"Pomodoro di Montagano"},"content":{"rendered":"\t\t<div data-elementor-type=\"wp-page\" data-elementor-id=\"228\" class=\"elementor elementor-228\" data-elementor-post-type=\"page\">\n\t\t\t\t<div class=\"elementor-element elementor-element-1b4268c1 e-flex e-con-boxed e-con e-parent\" data-id=\"1b4268c1\" data-element_type=\"container\" data-e-type=\"container\" data-settings=\"{&quot;background_background&quot;:&quot;classic&quot;}\">\n\t\t\t\t\t<div class=\"e-con-inner\">\n\t\t\t\t\t<\/div>\n\t\t\t\t<\/div>\n\t\t<div class=\"elementor-element elementor-element-4a09e2b4 e-flex e-con-boxed e-con e-parent\" data-id=\"4a09e2b4\" data-element_type=\"container\" data-e-type=\"container\" data-settings=\"{&quot;background_background&quot;:&quot;classic&quot;}\">\n\t\t\t\t\t<div class=\"e-con-inner\">\n\t\t\t\t<div class=\"elementor-element elementor-element-77988193 elementor-widget elementor-widget-heading\" data-id=\"77988193\" data-element_type=\"widget\" data-e-type=\"widget\" data-widget_type=\"heading.default\">\n\t\t\t\t<div class=\"elementor-widget-container\">\n\t\t\t\t\t<h2 class=\"elementor-heading-title elementor-size-default\">Pomodoro di Montagano<\/h2>\t\t\t\t<\/div>\n\t\t\t\t<\/div>\n\t\t\t\t<div class=\"elementor-element elementor-element-7b8032d5 elementor-widget elementor-widget-heading\" data-id=\"7b8032d5\" data-element_type=\"widget\" data-e-type=\"widget\" data-widget_type=\"heading.default\">\n\t\t\t\t<div class=\"elementor-widget-container\">\n\t\t\t\t\t<h2 class=\"elementor-heading-title elementor-size-default\">Montagano<\/h2>\t\t\t\t<\/div>\n\t\t\t\t<\/div>\n\t\t\t\t<div class=\"elementor-element elementor-element-1cf18d43 elementor-widget-divider--view-line elementor-widget elementor-widget-divider\" data-id=\"1cf18d43\" data-element_type=\"widget\" data-e-type=\"widget\" data-widget_type=\"divider.default\">\n\t\t\t\t<div class=\"elementor-widget-container\">\n\t\t\t\t\t\t\t<div class=\"elementor-divider\">\n\t\t\t<span class=\"elementor-divider-separator\">\n\t\t\t\t\t\t<\/span>\n\t\t<\/div>\n\t\t\t\t\t\t<\/div>\n\t\t\t\t<\/div>\n\t\t\t\t\t<\/div>\n\t\t\t\t<\/div>\n\t\t<div class=\"elementor-element elementor-element-663354bd e-flex e-con-boxed e-con e-parent\" data-id=\"663354bd\" data-element_type=\"container\" data-e-type=\"container\" data-settings=\"{&quot;background_background&quot;:&quot;classic&quot;}\">\n\t\t\t\t\t<div class=\"e-con-inner\">\n\t\t<div class=\"elementor-element elementor-element-15aab015 e-con-full e-flex e-con e-child\" data-id=\"15aab015\" data-element_type=\"container\" data-e-type=\"container\">\n\t\t\t\t<div class=\"elementor-element elementor-element-fe23651 elementor-widget elementor-widget-heading\" data-id=\"fe23651\" data-element_type=\"widget\" data-e-type=\"widget\" data-widget_type=\"heading.default\">\n\t\t\t\t<div class=\"elementor-widget-container\">\n\t\t\t\t\t<h2 class=\"elementor-heading-title elementor-size-default\"><b>Un piccolo grande tesoro molisano dal cuore ricco di sapore<\/b><\/h2>\t\t\t\t<\/div>\n\t\t\t\t<\/div>\n\t\t\t\t<div class=\"elementor-element elementor-element-440aeb6e elementor-widget elementor-widget-text-editor\" data-id=\"440aeb6e\" data-element_type=\"widget\" data-e-type=\"widget\" data-widget_type=\"text-editor.default\">\n\t\t\t\t<div class=\"elementor-widget-container\">\n\t\t\t\t\t\t\t\t\t<p><span style=\"font-weight: 400;\">Il <\/span><b>Pomodoro di Montagano<\/b><span style=\"font-weight: 400;\"> \u00e8 una variet\u00e0 locale autoctona del Molise, coltivato da oltre un secolo nel territorio montano del comune di Montagano (CB). Riconosciuto con la <\/span><b>Denominazione Comunale (De.Co.)<\/b><span style=\"font-weight: 400;\">, \u00e8 il frutto di una selezione naturale e della sapienza contadina, mantenuta viva da generazioni.<\/span><\/p><p><span style=\"font-weight: 400;\">Si tratta di un pomodoro che cresce tra i 600 e gli 800 metri di altitudine, in condizioni ambientali difficili, ma proprio per questo capace di offrire un <\/span><b>frutto dal sapore intenso, dalla polpa densa e naturalmente povero d\u2019acqua<\/b><span style=\"font-weight: 400;\">. Un simbolo della resistenza agricola e della biodiversit\u00e0 che il territorio molisano custodisce e protegge.<\/span><\/p>\t\t\t\t\t\t\t\t<\/div>\n\t\t\t\t<\/div>\n\t\t\t\t<\/div>\n\t\t\t\t\t<\/div>\n\t\t\t\t<\/div>\n\t\t<div class=\"elementor-element elementor-element-31b8a8e9 e-flex e-con-boxed e-con e-parent\" data-id=\"31b8a8e9\" data-element_type=\"container\" data-e-type=\"container\" data-settings=\"{&quot;background_background&quot;:&quot;classic&quot;}\">\n\t\t\t\t\t<div class=\"e-con-inner\">\n\t\t<div class=\"elementor-element elementor-element-1e79ee1c e-con-full e-flex e-con e-child\" data-id=\"1e79ee1c\" data-element_type=\"container\" data-e-type=\"container\">\n\t\t\t\t<div class=\"elementor-element elementor-element-c1793ca elementor-widget elementor-widget-heading\" data-id=\"c1793ca\" data-element_type=\"widget\" data-e-type=\"widget\" data-widget_type=\"heading.default\">\n\t\t\t\t<div class=\"elementor-widget-container\">\n\t\t\t\t\t<h2 class=\"elementor-heading-title elementor-size-default\"><span style=\"font-weight: 700\">Caratteristiche uniche<\/span><\/h2>\t\t\t\t<\/div>\n\t\t\t\t<\/div>\n\t\t\t\t<div class=\"elementor-element elementor-element-7a4874b9 elementor-widget elementor-widget-text-editor\" data-id=\"7a4874b9\" data-element_type=\"widget\" data-e-type=\"widget\" data-widget_type=\"text-editor.default\">\n\t\t\t\t<div class=\"elementor-widget-container\">\n\t\t\t\t\t\t\t\t\t<p><b>Ecopotipo autoctono del Molise<\/b><span style=\"font-weight: 400;\">, con oltre 100 anni di storia<\/span><span style=\"font-weight: 400;\"><br \/><\/span><\/p><p><b>Riconoscimento De.Co.<\/b><span style=\"font-weight: 400;\"> (Denominazione Comunale) del Comune di Montagano<\/span><span style=\"font-weight: 400;\"><br \/><\/span><\/p><p><b>Forma a fiaschetta<\/b><span style=\"font-weight: 400;\">, dimensioni contenute, colore rosso vivo a maturazione<\/span><span style=\"font-weight: 400;\"><br \/><\/span><\/p><p><b>Polpa molto ricca<\/b><span style=\"font-weight: 400;\"> e <\/span><b>basso contenuto di acqua<\/b><span style=\"font-weight: 400;\">, perfetto per conserve<\/span><span style=\"font-weight: 400;\"><br \/><\/span><\/p><p><b>Crescita senza irrigazione<\/b><span style=\"font-weight: 400;\">: sopravvive solo con l\u2019acqua piovana<\/span><span style=\"font-weight: 400;\"><br \/><\/span><\/p><p><b>Coltivato tra i 600 e gli 800 metri di altitudine<\/b><span style=\"font-weight: 400;\">, in suoli argillosi di collina<\/span><span style=\"font-weight: 400;\"><br \/><\/span><\/p><p><b>Allevamento flessibile<\/b><span style=\"font-weight: 400;\">: con tutori (es. Canne) oppure a terra, in campo aperto<\/span><span style=\"font-weight: 400;\"><br \/><\/span><\/p><p><b>Raccolta a mano<\/b><span style=\"font-weight: 400;\">, solo quando il frutto \u00e8 al giusto grado di maturazione<\/span><span style=\"font-weight: 400;\"><br \/><\/span><\/p><p><b>Metodo di coltivazione biologico certificato<\/b><span style=\"font-weight: 400;\">, senza uso di sostanze chimiche<\/span><span style=\"font-weight: 400;\"><br \/><\/span><\/p><p><b>Alto contenuto di licopene<\/b><span style=\"font-weight: 400;\">, un potente antiossidante naturale<\/span><span style=\"font-weight: 400;\"><br \/><\/span><\/p><p><em>Utilizzato per conserve artigianali<span style=\"font-weight: 400;\">, passate e consumo fresco con olio e pane<\/span><\/em><\/p>\t\t\t\t\t\t\t\t<\/div>\n\t\t\t\t<\/div>\n\t\t\t\t<\/div>\n\t\t\t\t\t<\/div>\n\t\t\t\t<\/div>\n\t\t<div class=\"elementor-element elementor-element-2b6a4b82 e-flex e-con-boxed e-con e-parent\" data-id=\"2b6a4b82\" data-element_type=\"container\" data-e-type=\"container\" data-settings=\"{&quot;background_background&quot;:&quot;classic&quot;}\">\n\t\t\t\t\t<div class=\"e-con-inner\">\n\t\t<div class=\"elementor-element elementor-element-5eb3d047 e-con-full e-flex e-con e-child\" data-id=\"5eb3d047\" data-element_type=\"container\" data-e-type=\"container\">\n\t\t\t\t<div class=\"elementor-element elementor-element-1635a24d elementor-widget elementor-widget-heading\" data-id=\"1635a24d\" data-element_type=\"widget\" data-e-type=\"widget\" data-widget_type=\"heading.default\">\n\t\t\t\t<div class=\"elementor-widget-container\">\n\t\t\t\t\t<h2 class=\"elementor-heading-title elementor-size-default\"><span style=\"font-weight: 700\">Coltivazione e stagionalit\u00e0<\/span><\/h2>\t\t\t\t<\/div>\n\t\t\t\t<\/div>\n\t\t\t\t<div class=\"elementor-element elementor-element-2cf12492 elementor-widget elementor-widget-text-editor\" data-id=\"2cf12492\" data-element_type=\"widget\" data-e-type=\"widget\" data-widget_type=\"text-editor.default\">\n\t\t\t\t<div class=\"elementor-widget-container\">\n\t\t\t\t\t\t\t\t\t<p><span style=\"font-weight: 400;\">Il Pomodoro di Montagano \u00e8 coltivato in <\/span><b>piccoli appezzamenti<\/b><span style=\"font-weight: 400;\"> inseriti tra <\/span><b>boschi e seminativi<\/b><span style=\"font-weight: 400;\">, in un contesto agricolo a forte biodiversit\u00e0. La sua produzione segue un ciclo stagionale preciso:<\/span><\/p><p><b>Semina a marzo<\/b><span style=\"font-weight: 400;\">, con semenza auto-riprodotta<\/span><span style=\"font-weight: 400;\"><br \/><\/span><\/p><p><b>Trapianto a maggio<\/b><span style=\"font-weight: 400;\">, direttamente in campo<\/span><span style=\"font-weight: 400;\"><br \/><\/span><\/p><p><b>Raccolta ad agosto<\/b><span style=\"font-weight: 400;\">, variabile in base al grado di siccit\u00e0<\/span><span style=\"font-weight: 400;\"><br \/><br \/><\/span><\/p><p><span style=\"font-weight: 400;\">Cresce <\/span><b>senza irrigazione artificiale<\/b><span style=\"font-weight: 400;\">, adattandosi perfettamente alle condizioni climatiche locali. La coltivazione \u00e8 attuata secondo i principi dell\u2019<\/span><b>agricoltura biologica<\/b><span style=\"font-weight: 400;\">, valorizzando la fertilit\u00e0 naturale del suolo e la rotazione delle colture.<\/span><\/p>\t\t\t\t\t\t\t\t<\/div>\n\t\t\t\t<\/div>\n\t\t\t\t<\/div>\n\t\t\t\t\t<\/div>\n\t\t\t\t<\/div>\n\t\t<div class=\"elementor-element elementor-element-75d8065 e-flex e-con-boxed e-con e-parent\" data-id=\"75d8065\" data-element_type=\"container\" data-e-type=\"container\" data-settings=\"{&quot;background_background&quot;:&quot;classic&quot;}\">\n\t\t\t\t\t<div class=\"e-con-inner\">\n\t\t<div class=\"elementor-element elementor-element-ab377eb e-con-full e-flex e-con e-child\" data-id=\"ab377eb\" data-element_type=\"container\" data-e-type=\"container\">\n\t\t\t\t<div class=\"elementor-element elementor-element-abdf58e elementor-widget elementor-widget-heading\" data-id=\"abdf58e\" data-element_type=\"widget\" data-e-type=\"widget\" data-widget_type=\"heading.default\">\n\t\t\t\t<div class=\"elementor-widget-container\">\n\t\t\t\t\t<h2 class=\"elementor-heading-title elementor-size-default\"><span style=\"font-weight: 700\">Propriet\u00e0 nutrizionali e benefici<\/span><\/h2>\t\t\t\t<\/div>\n\t\t\t\t<\/div>\n\t\t\t\t<div class=\"elementor-element elementor-element-2966d65 elementor-widget elementor-widget-text-editor\" data-id=\"2966d65\" data-element_type=\"widget\" data-e-type=\"widget\" data-widget_type=\"text-editor.default\">\n\t\t\t\t<div class=\"elementor-widget-container\">\n\t\t\t\t\t\t\t\t\t<p><span style=\"font-weight: 400;\">Il Pomodoro di Montagano \u00e8 <\/span><b>ricco di licopene<\/b><span style=\"font-weight: 400;\">, un carotenoide noto per le sue propriet\u00e0 <\/span><b>antiossidanti, protettive per il cuore, le ossa e il sistema immunitario<\/b><span style=\"font-weight: 400;\">. Nonostante la biodisponibilit\u00e0 del licopene sia naturalmente limitata, il consumo di questo pomodoro, anche sotto forma di passata, ne favorisce l\u2019assorbimento.<\/span><\/p><p><span style=\"font-weight: 400;\">La bassa percentuale d\u2019acqua lo rende <\/span><b>intensamente saporito<\/b><span style=\"font-weight: 400;\"> e adatto alla preparazione di <\/span><b>sughi concentrati<\/b><span style=\"font-weight: 400;\">, passate dense e conserve casalinghe di qualit\u00e0.<\/span><\/p>\t\t\t\t\t\t\t\t<\/div>\n\t\t\t\t<\/div>\n\t\t\t\t<\/div>\n\t\t\t\t\t<\/div>\n\t\t\t\t<\/div>\n\t\t<div class=\"elementor-element elementor-element-5e794c2 e-flex e-con-boxed e-con e-parent\" data-id=\"5e794c2\" data-element_type=\"container\" data-e-type=\"container\" data-settings=\"{&quot;background_background&quot;:&quot;classic&quot;}\">\n\t\t\t\t\t<div class=\"e-con-inner\">\n\t\t<div class=\"elementor-element elementor-element-0b0ccee e-con-full e-flex e-con e-child\" data-id=\"0b0ccee\" data-element_type=\"container\" data-e-type=\"container\">\n\t\t\t\t<div class=\"elementor-element elementor-element-4997ea3 elementor-widget elementor-widget-heading\" data-id=\"4997ea3\" data-element_type=\"widget\" data-e-type=\"widget\" data-widget_type=\"heading.default\">\n\t\t\t\t<div class=\"elementor-widget-container\">\n\t\t\t\t\t<h2 class=\"elementor-heading-title elementor-size-default\"><span style=\"font-weight: 700\">Un sapore che racconta il territorio\n<\/span><\/h2>\t\t\t\t<\/div>\n\t\t\t\t<\/div>\n\t\t\t\t<div class=\"elementor-element elementor-element-0935869 elementor-widget elementor-widget-text-editor\" data-id=\"0935869\" data-element_type=\"widget\" data-e-type=\"widget\" data-widget_type=\"text-editor.default\">\n\t\t\t\t<div class=\"elementor-widget-container\">\n\t\t\t\t\t\t\t\t\t<p><span style=\"font-weight: 400;\">Fresco, affettato su una fetta di pane casereccio con un filo d\u2019olio molisano, il Pomodoro di Montagano \u00e8 molto pi\u00f9 di un semplice ingrediente: \u00e8 <\/span><b>memoria, tradizione e identit\u00e0<\/b><span style=\"font-weight: 400;\">. Riscoprirlo e tutelarlo significa <\/span><b>preservare la cultura agricola locale<\/b><span style=\"font-weight: 400;\">, promuovere la sostenibilit\u00e0 e offrire un prodotto autentico a chi ama il cibo vero.<\/span><\/p>\t\t\t\t\t\t\t\t<\/div>\n\t\t\t\t<\/div>\n\t\t\t\t<\/div>\n\t\t\t\t\t<\/div>\n\t\t\t\t<\/div>\n\t\t<div class=\"elementor-element elementor-element-37deaeca e-flex e-con-boxed e-con e-parent\" data-id=\"37deaeca\" data-element_type=\"container\" data-e-type=\"container\" data-settings=\"{&quot;background_background&quot;:&quot;classic&quot;}\">\n\t\t\t\t\t<div class=\"e-con-inner\">\n\t\t<div class=\"elementor-element elementor-element-25fdb3a5 e-con-full e-flex e-con e-child\" data-id=\"25fdb3a5\" data-element_type=\"container\" data-e-type=\"container\">\n\t\t\t\t<div class=\"elementor-element elementor-element-7be12995 elementor-widget elementor-widget-heading\" data-id=\"7be12995\" data-element_type=\"widget\" data-e-type=\"widget\" data-widget_type=\"heading.default\">\n\t\t\t\t<div class=\"elementor-widget-container\">\n\t\t\t\t\t<h2 class=\"elementor-heading-title elementor-size-default\">ALTRI ITINERARI<\/h2>\t\t\t\t<\/div>\n\t\t\t\t<\/div>\n\t\t\t\t<div class=\"elementor-element elementor-element-4d4e4cb9 elementor-widget-divider--view-line elementor-widget elementor-widget-divider\" data-id=\"4d4e4cb9\" data-element_type=\"widget\" data-e-type=\"widget\" data-widget_type=\"divider.default\">\n\t\t\t\t<div class=\"elementor-widget-container\">\n\t\t\t\t\t\t\t<div class=\"elementor-divider\">\n\t\t\t<span class=\"elementor-divider-separator\">\n\t\t\t\t\t\t<\/span>\n\t\t<\/div>\n\t\t\t\t\t\t<\/div>\n\t\t\t\t<\/div>\n\t\t\t\t<\/div>\n\t\t<div class=\"elementor-element elementor-element-6038bfed e-con-full e-flex e-con e-child\" data-id=\"6038bfed\" data-element_type=\"container\" data-e-type=\"container\">\n\t\t\t\t<div class=\"elementor-element elementor-element-21b1b292 elementor-widget elementor-widget-image\" data-id=\"21b1b292\" data-element_type=\"widget\" data-e-type=\"widget\" data-widget_type=\"image.default\">\n\t\t\t\t<div class=\"elementor-widget-container\">\n\t\t\t\t\t\t\t\t\t\t\t\t\t\t\t<img fetchpriority=\"high\" decoding=\"async\" width=\"800\" height=\"551\" src=\"https:\/\/arsarp.it\/biodiversita\/wp-content\/uploads\/2025\/05\/Copertine-13-min-1024x705.png\" class=\"attachment-large size-large wp-image-466\" alt=\"\" srcset=\"https:\/\/arsarp.it\/biodiversita\/wp-content\/uploads\/2025\/05\/Copertine-13-min-1024x705.png 1024w, https:\/\/arsarp.it\/biodiversita\/wp-content\/uploads\/2025\/05\/Copertine-13-min-300x206.png 300w, https:\/\/arsarp.it\/biodiversita\/wp-content\/uploads\/2025\/05\/Copertine-13-min-768x529.png 768w, https:\/\/arsarp.it\/biodiversita\/wp-content\/uploads\/2025\/05\/Copertine-13-min.png 1514w\" sizes=\"(max-width: 800px) 100vw, 800px\" \/>\t\t\t\t\t\t\t\t\t\t\t\t\t\t\t<\/div>\n\t\t\t\t<\/div>\n\t\t\t\t<div class=\"elementor-element elementor-element-72987510 elementor-align-center elementor-widget elementor-widget-button\" data-id=\"72987510\" data-element_type=\"widget\" data-e-type=\"widget\" data-widget_type=\"button.default\">\n\t\t\t\t<div class=\"elementor-widget-container\">\n\t\t\t\t\t\t\t\t\t<div class=\"elementor-button-wrapper\">\n\t\t\t\t\t<a class=\"elementor-button elementor-button-link elementor-size-sm\" href=\"https:\/\/arsarp.it\/biodiversita\/patata\/\">\n\t\t\t\t\t\t<span class=\"elementor-button-content-wrapper\">\n\t\t\t\t\t\t\t\t\t<span class=\"elementor-button-text\">PATATA LUNGA DI SAN BIASE<\/span>\n\t\t\t\t\t<\/span>\n\t\t\t\t\t<\/a>\n\t\t\t\t<\/div>\n\t\t\t\t\t\t\t\t<\/div>\n\t\t\t\t<\/div>\n\t\t\t\t<\/div>\n\t\t<div class=\"elementor-element elementor-element-1a3500e2 e-con-full e-flex e-con e-child\" data-id=\"1a3500e2\" data-element_type=\"container\" data-e-type=\"container\">\n\t\t\t\t<div class=\"elementor-element elementor-element-216ef9b6 elementor-widget elementor-widget-image\" data-id=\"216ef9b6\" data-element_type=\"widget\" data-e-type=\"widget\" data-widget_type=\"image.default\">\n\t\t\t\t<div class=\"elementor-widget-container\">\n\t\t\t\t\t\t\t\t\t\t\t\t\t\t\t<img decoding=\"async\" width=\"800\" height=\"551\" src=\"https:\/\/arsarp.it\/biodiversita\/wp-content\/uploads\/2025\/05\/Copertine-14-min-1024x705.png\" class=\"attachment-large size-large wp-image-467\" alt=\"\" srcset=\"https:\/\/arsarp.it\/biodiversita\/wp-content\/uploads\/2025\/05\/Copertine-14-min-1024x705.png 1024w, https:\/\/arsarp.it\/biodiversita\/wp-content\/uploads\/2025\/05\/Copertine-14-min-300x206.png 300w, https:\/\/arsarp.it\/biodiversita\/wp-content\/uploads\/2025\/05\/Copertine-14-min-768x529.png 768w, https:\/\/arsarp.it\/biodiversita\/wp-content\/uploads\/2025\/05\/Copertine-14-min.png 1514w\" sizes=\"(max-width: 800px) 100vw, 800px\" \/>\t\t\t\t\t\t\t\t\t\t\t\t\t\t\t<\/div>\n\t\t\t\t<\/div>\n\t\t\t\t<div class=\"elementor-element elementor-element-41e96485 elementor-align-center elementor-widget elementor-widget-button\" data-id=\"41e96485\" data-element_type=\"widget\" data-e-type=\"widget\" data-widget_type=\"button.default\">\n\t\t\t\t<div class=\"elementor-widget-container\">\n\t\t\t\t\t\t\t\t\t<div class=\"elementor-button-wrapper\">\n\t\t\t\t\t<a class=\"elementor-button elementor-button-link elementor-size-sm\" href=\"https:\/\/arsarp.it\/biodiversita\/olivo\/\">\n\t\t\t\t\t\t<span class=\"elementor-button-content-wrapper\">\n\t\t\t\t\t\t\t\t\t<span class=\"elementor-button-text\">OLIVO DI ROSCIOLA<\/span>\n\t\t\t\t\t<\/span>\n\t\t\t\t\t<\/a>\n\t\t\t\t<\/div>\n\t\t\t\t\t\t\t\t<\/div>\n\t\t\t\t<\/div>\n\t\t\t\t<\/div>\n\t\t<div class=\"elementor-element elementor-element-13ceb134 e-con-full e-flex e-con e-child\" data-id=\"13ceb134\" data-element_type=\"container\" data-e-type=\"container\">\n\t\t\t\t<div class=\"elementor-element elementor-element-499f0fe6 elementor-widget elementor-widget-image\" data-id=\"499f0fe6\" data-element_type=\"widget\" data-e-type=\"widget\" data-widget_type=\"image.default\">\n\t\t\t\t<div class=\"elementor-widget-container\">\n\t\t\t\t\t\t\t\t\t\t\t\t\t\t\t<img decoding=\"async\" width=\"800\" height=\"551\" src=\"https:\/\/arsarp.it\/biodiversita\/wp-content\/uploads\/2025\/05\/Copertine-15-min-1024x705.png\" class=\"attachment-large size-large wp-image-468\" alt=\"\" srcset=\"https:\/\/arsarp.it\/biodiversita\/wp-content\/uploads\/2025\/05\/Copertine-15-min-1024x705.png 1024w, https:\/\/arsarp.it\/biodiversita\/wp-content\/uploads\/2025\/05\/Copertine-15-min-300x206.png 300w, https:\/\/arsarp.it\/biodiversita\/wp-content\/uploads\/2025\/05\/Copertine-15-min-768x529.png 768w, https:\/\/arsarp.it\/biodiversita\/wp-content\/uploads\/2025\/05\/Copertine-15-min.png 1514w\" sizes=\"(max-width: 800px) 100vw, 800px\" \/>\t\t\t\t\t\t\t\t\t\t\t\t\t\t\t<\/div>\n\t\t\t\t<\/div>\n\t\t\t\t<div class=\"elementor-element elementor-element-7d46491d elementor-align-center elementor-widget elementor-widget-button\" data-id=\"7d46491d\" data-element_type=\"widget\" data-e-type=\"widget\" data-widget_type=\"button.default\">\n\t\t\t\t<div class=\"elementor-widget-container\">\n\t\t\t\t\t\t\t\t\t<div class=\"elementor-button-wrapper\">\n\t\t\t\t\t<a class=\"elementor-button elementor-button-link elementor-size-sm\" href=\"https:\/\/arsarp.it\/biodiversita\/moscato\/\">\n\t\t\t\t\t\t<span class=\"elementor-button-content-wrapper\">\n\t\t\t\t\t\t\t\t\t<span class=\"elementor-button-text\">MOSCATO DI MONTAGANO<\/span>\n\t\t\t\t\t<\/span>\n\t\t\t\t\t<\/a>\n\t\t\t\t<\/div>\n\t\t\t\t\t\t\t\t<\/div>\n\t\t\t\t<\/div>\n\t\t\t\t<\/div>\n\t\t\t\t\t<\/div>\n\t\t\t\t<\/div>\n\t\t\t\t<\/div>\n\t\t","protected":false},"excerpt":{"rendered":"<p>Pomodoro di Montagano Montagano Un piccolo grande tesoro molisano dal cuore ricco di sapore Il Pomodoro di Montagano \u00e8 una variet\u00e0 locale autoctona del Molise, coltivato da oltre un secolo nel territorio montano del comune di Montagano (CB). Riconosciuto con la Denominazione Comunale (De.Co.), \u00e8 il frutto di una selezione naturale e della sapienza contadina, [&hellip;]<\/p>\n","protected":false},"author":1,"featured_media":0,"parent":0,"menu_order":0,"comment_status":"closed","ping_status":"closed","template":"","meta":{"footnotes":""},"class_list":["post-228","page","type-page","status-publish","hentry"],"_links":{"self":[{"href":"https:\/\/arsarp.it\/biodiversita\/wp-json\/wp\/v2\/pages\/228","targetHints":{"allow":["GET"]}}],"collection":[{"href":"https:\/\/arsarp.it\/biodiversita\/wp-json\/wp\/v2\/pages"}],"about":[{"href":"https:\/\/arsarp.it\/biodiversita\/wp-json\/wp\/v2\/types\/page"}],"author":[{"embeddable":true,"href":"https:\/\/arsarp.it\/biodiversita\/wp-json\/wp\/v2\/users\/1"}],"replies":[{"embeddable":true,"href":"https:\/\/arsarp.it\/biodiversita\/wp-json\/wp\/v2\/comments?post=228"}],"version-history":[{"count":23,"href":"https:\/\/arsarp.it\/biodiversita\/wp-json\/wp\/v2\/pages\/228\/revisions"}],"predecessor-version":[{"id":917,"href":"https:\/\/arsarp.it\/biodiversita\/wp-json\/wp\/v2\/pages\/228\/revisions\/917"}],"wp:attachment":[{"href":"https:\/\/arsarp.it\/biodiversita\/wp-json\/wp\/v2\/media?parent=228"}],"curies":[{"name":"wp","href":"https:\/\/api.w.org\/{rel}","templated":true}]}}